actor of 20374 and 79422?
122
What is the greatest common factor of 69216 and 31274096?
11536
What is the greatest common factor of 2296 and 3919846?
574
Calculate the highest common factor of 141857 and 645.
43
What is the greatest common divisor of 101220 and 20307840?
420
Calculate the highest common divisor of 86672 and 144.
16
What is the highest common divisor of 189 and 12609639?
63
What is the highest common divisor of 833 and 538762742?
833
Calculate the greatest common factor of 19678602 and 12.
6
Calculate the greatest common divisor of 543 and 392109.
3
Calculate the highest common factor of 80082 and 531306.
54
Calculate the greatest common divisor of 23531353 and 487.
487
Calculate the highest common factor of 806366 and 814.
22
What is the highest common factor of 951634004 and 1316?
188
Calculate the highest common factor of 1360870 and 980.
70
Calculate the highest common divisor of 61128 and 7752.
24
Calculate the highest common divisor of 107188 and 271346.
422
What is the greatest common factor of 5003660 and 89320?
580
What is the greatest common divisor of 163822 and 2764774?
202
What is the highest common factor of 63180 and 199095?
195
What is the greatest common divisor of 1147976 and 4913?
17
What is the greatest common factor of 76944 and 68040?
168
What is the greatest common divisor of 9602523 and 213003?
4347
Calculate the highest common divisor of 819618 and 66.
6
What is the greatest common divisor of 395830 and 391?
23
What is the greatest common divisor of 13246 and 3819323?
179
What is the greatest common divisor of 9782030 and 36?
2
Calculate the highest common factor of 46716 and 23929584.
2748
What is the greatest common factor of 669555 and 190305?
45
What is the greatest common factor of 47 and 2155813813?
47
Calculate the greatest common divisor of 913156 and 668.
668
Calculate the highest common divisor of 116772 and 2748.
12
Calculate the highest common factor of 540288 and 1408.
128
Calculate the highest common factor of 161 and 10646585.
23
What is the highest common divisor of 4288 and 257890236?
268
What is the highest common factor of 14635440 and 2160?
720
What is the highest common factor of 81768 and 6744?
24
What is the highest common divisor of 511225 and 3850?
275
Calculate the highest common divisor of 189 and 1164555.
63
Calculate the greatest common factor of 34750617 and 7194.
3597
What is the greatest common factor of 140 and 21763700?
140
Calculate the highest common divisor of 76602 and 1734.
102
Calculate the greatest common factor of 87762 and 54.
6
What is the highest common divisor of 14003 and 1473263?
737
What is the greatest common divisor of 31878 and 69322?
506
Calculate the greatest common divisor of 30 and 277226890.
10
Calculate the greatest common divisor of 5320245 and 45.
15
What is the highest common factor of 255778263 and 27?
27
What is the highest common factor of 5679936 and 69597?
171
What is the highest common factor of 664565 and 25?
5
Calculate the greatest common factor of 48 and 206577.
3
Calculate the highest common factor of 25202478 and 28.
14
Calculate the highest common factor of 219 and 356493.
3
What is the highest common divisor of 166248908 and 16492?
868
Calculate the greatest common factor of 31959555 and 16110.
2685
Calculate the greatest common factor of 522 and 45229878.
18
Calculate the greatest common factor of 162094704 and 1704.
1704
What is the greatest common divisor of 314 and 239433164?
314
What is the highest common factor of 7799 and 36138439?
709
What is the greatest common divisor of 6308372 and 112?
28
What is the highest common divisor of 679 and 178024973?
679
What is the greatest common factor of 134 and 58140791?
67
Calculate the highest common divisor of 7591293 and 81.
27
Calculate the highest common divisor of 144432556 and 1996.
1996
Calculate the highest common factor of 34126 and 87278.
302
What is the greatest common divisor of 11709463 and 623?
89
What is the greatest common factor of 1270152 and 3662152?
2392
Calculate the greatest common divisor of 7722 and 15131961.
351
What is the greatest common divisor of 3123931616 and 416?
416
Calculate the highest common divisor of 47317440 and 736.
736
What is the greatest common factor of 455 and 6260020?
65
What is the highest common divisor of 5052656 and 2?
2
What is the highest common factor of 316234 and 95353?
1207
What is the highest common divisor of 1473906 and 14763?
399
Calculate the greatest common divisor of 88114 and 14638.
26
What is the highest common divisor of 244 and 229485599?
61
What is the highest common divisor of 42 and 5340162?
6
Calculate the highest common divisor of 765520 and 1480.
40
Calculate the greatest common factor of 783755 and 167825.
245
Calculate the highest common factor of 17635916 and 905.
181
Calculate the greatest common factor of 51435 and 14364.
27
Calculate the greatest common divisor of 87703191 and 99.
9
Calculate the greatest common divisor of 112936 and 19068352.
5944
What is the greatest common factor of 337 and 472181147?
337
Calculate the greatest common divisor of 30064817 and 1535.
307
Calculate the greatest common factor of 70 and 88440695.
35
What is the greatest common factor of 44375 and 19738?
71
What is the greatest common factor of 450252 and 1012?
44
Calculate the greatest common factor of 1010310 and 1050.
210
What is the greatest common divisor of 4090 and 140935265?
2045
What is the highest common divisor of 591 and 228132895?
197
What is the highest common divisor of 3406111 and 361?
19
Calculate the greatest common divisor of 15178548 and 7392.
924
Calculate the highest common divisor of 498408 and 29184.
456
Calculate the greatest common factor of 35 and 16832165.
35
Calculate the highest common divisor of 69192 and 503192.
248
Calculate the greatest common divisor of 178505 and 76.
19
What is the greatest common factor of 54 and 6825918?
6
What is the highest common factor of 6607785 and 45287?
4117
What is the greatest common divisor of 10521 and 332619?
21
What is the highest common divisor of 4282680 and 30?
30
Calculate the highest common factor of 1780 and 1193738310.
890
What is the greatest common divisor of 211584 and 494798?
1102
Calculate the highest common factor of 602 and 2710624.
14
What is the highest common factor of 56105 and 259629895?
8015
What is the highest common factor of 40734 and 5177?
31
Calculate the greatest common divisor of 4218972 and 528.
12
What is the greatest common factor of 476993 and 957?
11
Calculate the highest common divisor of 1443 and 609531.
39
What is the highest common divisor of 112518 and 11772894?
798
What is the highest common divisor of 2999 and 220015637?
2999
Calculate the greatest common divisor of 338 and 2379988.
26
Calculate the highest common factor of 891100 and 448875.
3325
What is the highest common divisor of 1 and 3922241?
1
Calculate the highest common factor of 181332736 and 299.
299
Calculate the greatest common divisor of 242 and 2919114.
22
What is the greatest common factor of 12551 and 5804267?
1141
What is the greatest common factor of 11662430 and 80?
10
Calculate the highest common factor of 454558 and 23972.
26
Calculate the highest common factor of 247392484 and 14232.
2372
Calculate the highest common factor of 131183955 and 105.
105
Calculate the highest common factor of 228452 and 1442.
14
Calculate the highest common factor of 2093 and 90590721.
299
Calculate the highest common factor of 4080 and 2498830.
170
Calculate the greatest common divisor of 1344 and 530192.
16
What is the greatest common divisor of 1116181 and 66?
11
Calculate the highest common factor of 2868234 and 72.
6
Calculate the highest common factor of 233 and 9457703.
233
Calculate the greatest common divisor of 162361638 and 594.
54
What is the highest common divisor of 2705 and 60351796?
541
What is the highest common divisor of 87857 and 386365?
49
What is the highest common factor of 1490 and 2624486?
298
What is the greatest common factor of 628185 and 9?
3
Calculate the greatest common divisor of 17721 and 508539.
537
What is the greatest common divisor of 62816669 and 1461?
487
What is the greatest common divisor of 65541105 and 8505?
315
What is t